e 223159879?
False
Is 20722036 a multiple of 197?
True
Does 23 divide 687732330?
False
Is 601 a factor of 236949058?
True
Is 228317080 a multiple of 40?
True
Is 3696624 a multiple of 16?
True
Does 5 divide 766988680?
True
Is 11 a factor of 2011826542?
True
Is 37 a factor of 222982619?
False
Is 452073357 a multiple of 233?
True
Does 2413 divide 1220333729?
True
Does 3867 divide 596869309?
False
Is 9 a factor of 4837097?
False
Does 146 divide 19408330?
False
Is 27 a factor of 17882343?
True
Is 4381 a factor of 50280737?
True
Does 32 divide 1779360?
True
Does 17 divide 33702653?
True
Is 528784127 a multiple of 8363?
True
Is 15620890 a multiple of 272?
False
Is 6 a factor of 13379340?
True
Is 1855939 a multiple of 15?
False
Is 62 a factor of 953443198?
False
Is 37888376 a multiple of 17?
True
Does 9 divide 10037314?
False
Is 1242422 a multiple of 860?
False
Is 419 a factor of 66670766?
False
Does 3 divide 33101219?
False
Is 25 a factor of 115751982?
False
Is 22118026 a multiple of 8?
False
Is 49 a factor of 90445033?
True
Is 323 a factor of 47965871?
False
Is 75 a factor of 101865075?
True
Is 346 a factor of 875484146?
True
Does 88 divide 158143526?
False
Does 379 divide 1490068062?
True
Is 119972041 a multiple of 35?
False
Is 17 a factor of 187176994?
False
Is 469 a factor of 40467335?
False
Does 1998 divide 223968565?
False
Does 4 divide 85519800?
True
Does 609 divide 2000344492?
False
Is 25373339 a multiple of 322?
False
Does 14 divide 8226190?
True
Is 116502606 a multiple of 38?
False
Is 201853080 a multiple of 36?
True
Does 272 divide 344319904?
True
Does 55 divide 2076126402?
False
Is 2269301 a multiple of 78?
False
Is 2167 a factor of 457687736?
True
Is 40 a factor of 171531084?
False
Does 331 divide 1959656110?
False
Is 11 a factor of 281024524?
True
Is 47 a factor of 906682781?
True
Does 1040 divide 212172480?
True
Is 897 a factor of 112192392?
False
Is 128 a factor of 5187983104?
True
Does 2239 divide 64240331?
False
Does 15 divide 1351411841?
False
Is 61395136 a multiple of 22?
True
Is 329681160 a multiple of 3420?
True
Does 356 divide 142905004?
False
Does 319 divide 30708854?
True
Is 2068330500 a multiple of 2846?
True
Is 30571104 a multiple of 1392?
True
Does 14 divide 72459293?
False
Does 10 divide 86300168?
False
Does 3889 divide 350600986?
False
Is 114 a factor of 2052020920?
False
Is 115 a factor of 120275975?
False
Is 37216990 a multiple of 103?
True
Is 2 a factor of 72408?
True
Is 811810125 a multiple of 1575?
True
Is 21597766 a multiple of 13?
False
Is 246 a factor of 119312460?
True
Is 57675302 a multiple of 40?
False
Is 245245793 a multiple of 410?
False
Does 46 divide 36999502?
True
Is 140810134 a multiple of 460?
False
Is 4359 a factor of 3214325373?
False
Does 22 divide 38745906?
False
Does 3002 divide 90291154?
True
Is 20492387 a multiple of 906?
False
Is 10 a factor of 97228240?
True
Is 3815 a factor of 49608883?
False
Is 468138265 a multiple of 119?
True
Is 2675 a factor of 112860925?
True
Is 157 a factor of 45341624?
False
Does 7 divide 11697210?
True
Does 447 divide 26438262?
True
Does 10 divide 1140912928?
False
Does 7 divide 14315217?
True
Is 1369 a factor of 31791265?
False
Is 293811193 a multiple of 264?
False
Is 12 a factor of 50657923?
False
Is 2719802756 a multiple of 206?
True
Is 61 a factor of 39925110?
True
Is 12 a factor of 101068098?
False
Is 8949339 a multiple of 27?
True
Is 19 a factor of 342740088?
True
Is 17 a factor of 1120625754?
True
Does 1658 divide 484552158?
True
Does 9340 divide 2060217200?
True
Is 4289 a factor of 159822620?
False
Does 23 divide 58037719?
False
Does 19 divide 1249250912?
True
Is 260 a factor of 72249580?
True
Is 146553171 a multiple of 63?
False
Is 74065820 a multiple of 2077?
True
Does 41 divide 134317722?
True
Is 33 a factor of 540566466?
True
Is 30816700 a multiple of 3532?
True
Does 2280 divide 8088128?
False
Is 768159228 a multiple of 3457?
True
Does 90 divide 654443710?
False
Is 3883 a factor of 964100668?
False
Is 47 a factor of 153927726?
True
Does 749 divide 103054429?
False
Does 12 divide 80879520?
True
Does 68 divide 67201884?
True
Is 10 a factor of 18616468?
False
Is 742705063 a multiple of 9?
False
Does 17 divide 32310612?
False
Does 22 divide 38241038?
True
Is 39648327 a multiple of 11?
False
Does 24 divide 29967360?
True
Does 1239 divide 188079601?
False
Does 162 divide 147399189?
False
Is 56 a factor of 363014400?
True
Is 66 a factor of 51572004?
True
Is 30918497 a multiple of 1738?
False
Does 10 divide 1445506000?
True
Is 47506184 a multiple of 87?
False
Does 194 divide 1529639369?
False
Is 61900904 a multiple of 225?
False
Is 503933478 a multiple of 2103?
True
Is 44581625 a multiple of 275?
True
Does 602 divide 108399415?
False
Is 78 a factor of 801905975?
False
Does 210 divide 58318680?
True
Does 32 divide 21880708?
False
Does 198 divide 86113566?
True
Is 4 a factor of 3127702?
False
Is 3691320 a multiple of 19?
True
Does 85 divide 158202530?
False
Does 359 divide 13123863?
False
Does 11 divide 4580777?
False
Does 709 divide 18493607?
False
Is 46 a factor of 280708194?
False
Is 14550069 a multiple of 3?
True
Is 164379919 a multiple of 14?
False
Is 1675 a factor of 2634775?
True
Does 325 divide 5177250?
True
Does 27 divide 195254658?
True
Is 236 a factor of 649708?
True
Is 2921 a factor of 3203986480?
True
Is 28 a factor of 117064808?
True
Is 878 a factor of 30334900?
True
Is 21 a factor of 276374532?
True
Is 10 a factor of 393001150?
True
Is 3686 a factor of 799654812?
False
Is 29516617 a multiple of 1469?
True
Does 1068 divide 353508?
True
Does 432 divide 19123946?
False
Does 1919 divide 290342434?
False
Does 1254 divide 255669363?
False
Is 337 a factor of 7163039?
False
Is 425 a factor of 3031262?
False
Does 3405 divide 29821456?
False
Is 86 a factor of 120625374?
False
Does 3138 divide 182452283?
False
Does 146 divide 327642688?
True
Is 4 a factor of 24524136?
True
Is 3 a factor of 5728986?
True
Is 911423037 a multiple of 8101?
False
Is 10 a factor of 30983535?
False
Does 15 divide 5651693044?
False
Does 948 divide 1842355524?
True
Is 22 a factor of 652369124?
True
Is 137419579 a multiple of 141?
False
Is 21 a factor of 8179920?
True
Does 68 divide 1258989399?
False
Is 29 a factor of 8133997?
False
Is 57570808 a multiple of 9?
False
Is 13 a factor of 50547934?
False
Does 65 divide 265655650?
True
Is 1605429609 a multiple of 3239?
False
Does 99 divide 430576803?
False
Is 6 a factor of 80794700?
False
Is 586424925 a multiple of 3?
True
Does 7 divide 1280311731?
False
Does 13 divide 898708746?
True
Does 219 divide 47187054?
True
Is 3258 a factor of 1550769093?
False
Is 414 a factor of 136338066?
True
Does 26 divide 28135744?
True
Is 8 a factor of 82943940?
False
Does 60 divide 3573407?
False
Does 860 divide 333022100?
True
Is 46 a factor of 9635424?
False
Is 1619 a factor of 128916113?
True
Is 27 a factor of 8912079?
True
Is 7 a factor of 9422469?
True
Does 496 divide 62445359?
False
Is 50943750 a multiple of 110?
True
Does 45 divide 30042180?
True
Is 324260509 a multiple of 3501?
False
Does 52 divide 194728163?
False
Is 543155870 a multiple of 6?
False
Is 381 a factor of 129034555?
False
Does 24 divide 6761832?
True
Is 16 a factor of 580388113?
False
Is 44 a factor of 997727860?
False
Does 7 divide 3906628?
False
Is 311658143 a multiple of 28?
False
Does 23 divide 1484232106?
False
Does 74 divide 785996846?
True
Is 1538 a factor of 1143229236?
True
Is 144618344 a multiple of 9094?
False
Does 352 divide 628003354?
False
Is 971782283 a multiple of 127?
True
Is 35248720 a multiple of 260?
True
Is 74035194 a multiple of 4?
False
Does 1118 divide 143729184?
False
Does 25 divide 696315817?
False
Is 79 a factor of 300894252?
True
Does 17 divide 323499248?
False
Is 257 a factor of 20047028?
True
Does 2413 divide 24740489?
True
Does 488 divide 210215988?
False
Is 9 a factor of 58417536?
False
Does 92 divide 783804304?
True
Is 386 a factor of 6754228?
True
Is 10 a factor of 43322640?
True
Is 21906843 a multiple of 1537?
False
Does 6 divide 397060059?
False
Is 23 a factor of 69103857?
False
Does 795 divide 273491925?
True
Is 267101604 a multiple of 77?
True
Is 6818343 a multiple of 1703?
False
Is 880 a factor of 189048586?
False
Is 132617789 a multiple of 734?
Fa